the prime factors of 1860886.
2, 277, 3359
What are the prime factors of 748360?
2, 5, 53, 353
What are the prime factors of 3349504?
2, 3271
List the prime factors of 206468.
2, 71, 727
List the prime factors of 24004145.
5, 11, 436439
List the prime factors of 356833.
101, 3533
What are the prime factors of 2763656?
2, 7, 17, 2903
List the prime factors of 27765973.
19, 1461367
What are the prime factors of 1937203?
53, 36551
List the prime factors of 8371337.
13, 643949
What are the prime factors of 140534?
2, 29, 2423
List the prime factors of 10732884.
2, 3, 894407
What are the prime factors of 1197571?
1197571
What are the prime factors of 1214521?
7, 11, 15773
List the prime factors of 150094.
2, 7, 71, 151
What are the prime factors of 10255565?
5, 2051113
What are the prime factors of 561587?
13, 3323
What are the prime factors of 15878454?
2, 3, 2646409
What are the prime factors of 664134?
2, 3, 71, 1559
What are the prime factors of 8375527?
8375527
What are the prime factors of 2604483?
3, 7, 41341
List the prime factors of 7585492.
2, 23, 41, 2011
List the prime factors of 22107654.
2, 3, 59, 257
What are the prime factors of 1433202?
2, 3, 17, 14051
List the prime factors of 2769335.
5, 553867
What are the prime factors of 1173662?
2, 7, 83833
What are the prime factors of 1074520?
2, 5, 26863
List the prime factors of 331362.
2, 3, 41, 449
What are the prime factors of 179553?
3, 11, 5441
List the prime factors of 2546497.
2546497
What are the prime factors of 422424?
2, 3, 5867
What are the prime factors of 281917?
151, 1867
What are the prime factors of 5114706?
2, 3, 311, 2741
What are the prime factors of 20829681?
3, 19, 41, 2971
List the prime factors of 6374010.
2, 3, 5, 212467
What are the prime factors of 1459955?
5, 7, 59, 101
What are the prime factors of 8731389?
3, 2910463
What are the prime factors of 1638323?
37, 44279
List the prime factors of 1398928.
2, 87433
List the prime factors of 2909759.
587, 4957
What are the prime factors of 6394965?
3, 5, 426331
What are the prime factors of 1553221?
73, 21277
What are the prime factors of 1125373?
179, 6287
What are the prime factors of 439141?
439141
List the prime factors of 4037307.
3, 89, 15121
List the prime factors of 622566.
2, 3, 7, 61
What are the prime factors of 123045?
3, 5, 13, 631
List the prime factors of 74030.
2, 5, 11, 673
What are the prime factors of 707683?
707683
What are the prime factors of 36478825?
5, 1459153
What are the prime factors of 10859802?
2, 3, 1809967
What are the prime factors of 32750778?
2, 3, 43, 61, 2081
What are the prime factors of 3612860?
2, 5, 43, 4201
What are the prime factors of 4075406?
2, 157, 12979
List the prime factors of 340075.
5, 61, 223
What are the prime factors of 59315?
5, 11863
What are the prime factors of 357461?
13, 31, 887
What are the prime factors of 904620?
2, 3, 5, 15077
List the prime factors of 194568.
2, 3, 11, 67
List the prime factors of 718048.
2, 19, 1181
List the prime factors of 1226899.
1226899
List the prime factors of 169398.
2, 3, 3137
List the prime factors of 158796.
2, 3, 11, 401
List the prime factors of 3827495.
5, 7, 109357
What are the prime factors of 583457?
7, 17, 4903
List the prime factors of 57254.
2, 28627
What are the prime factors of 139015?
5, 27803
What are the prime factors of 356983?
11, 17, 23, 83
What are the prime factors of 2887062?
2, 3, 481177
What are the prime factors of 19035176?
2, 2379397
What are the prime factors of 976225?
5, 17, 2297
What are the prime factors of 29330137?
29330137
What are the prime factors of 495431?
17, 151, 193
List the prime factors of 943615.
5, 41, 4603
What are the prime factors of 632417?
17, 37201
List the prime factors of 3051822.
2, 3, 508637
List the prime factors of 1914870.
2, 3, 5, 29, 31, 71
What are the prime factors of 79947?
3, 7, 47
List the prime factors of 2956280.
2, 5, 73907
List the prime factors of 29.
29
What are the prime factors of 782789?
7, 111827
What are the prime factors of 5505838?
2, 13, 421, 503
What are the prime factors of 9902918?
2, 4951459
What are the prime factors of 2928282?
2, 3, 7, 113, 617
What are the prime factors of 1455208?
2, 101, 1801
What are the prime factors of 457632?
2, 3, 7, 227
What are the prime factors of 986752?
2, 13, 593
What are the prime factors of 495640?
2, 5, 12391
What are the prime factors of 1531496?
2, 17, 11261
List the prime factors of 526308.
2, 3, 61, 719
List the prime factors of 1131517.
79, 14323
What are the prime factors of 488?
2, 61
What are the prime factors of 957082?
2, 7, 137, 499
What are the prime factors of 261376?
2, 1021
List the prime factors of 88929.
3, 41, 241
What are the prime factors of 20813618?
2, 7, 1486687
List the prime factors of 12634679.
457, 27647
What are the prime factors of 5380202?
2, 97, 27733
List the prime factors of 61080.
2, 3, 5, 509
List the prime factors of 1148987.
7, 19, 53, 163
List the prime factors of 736851.
3, 23, 59, 181
What are the prime factors of 696411?
3, 25793
List the prime factors of 333456.
2, 3, 6947
What are the prime factors of 326711?
7, 11, 4243
List the prime factors of 251326.
2, 53, 2371
What are the prime factors of 1276159?
139, 9181
List the prime factors of 19425112.
2, 7, 346877
What are the prime factors of 18094?
2, 83, 109
What are the prime factors of 8976123?
3, 13, 107, 239
What are the prime factors of 234004?
2, 19, 3079
List the prime factors of 130079.
130079
List the prime factors of 3724367.
23, 113, 1433
List the prime factors of 174538.
2, 7, 13, 137
What are the prime factors of 2724521?
29, 93949
List the prime factors of 3120690.
2, 3, 5, 17, 29, 211
What are the prime factors of 872399?
11, 79309
List the prime factors of 10267315.
5, 19, 23, 37, 127
What are the prime factors of 1043956?
2, 31, 8419
List the prime factors of 8215471.
11, 17, 43933
List the prime factors of 2810513.
2810513
What are the prime factors of 6236269?
13, 36901
List the prime factors of 254382.
2, 3, 42397
List the prime factors of 603220.
2, 5, 30161
What are the prime factors of 4458516?
2, 3, 71, 5233
What are the prime factors of 929926?
2, 464963
What are the prime factors of 270492?
2, 3, 22541
What are the prime factors of 3258463?
13, 47, 5333
What are the prime factors of 1479281?
1479281
What are the prime factors of 10763?
47, 229
List the prime factors of 4184352.
2, 3, 29, 167
What are the prime factors of 199099?
103, 1933
What are the prime factors of 14699544?
2, 3, 612481
What are the prime factors of 1046873?
271, 3863
List the prime factors of 921543.
3, 7, 6269
What are the prime factors of 259575?
3, 5, 3461
What are the prime factors of 3871247?
43, 197, 457
What are the prime factors of 24277203?
3, 103, 26189
List the prime factors of 3015970.
2, 5, 17, 113, 157
List the prime factors of 8823.
3, 17, 173
List the prime factors of 72330.
2, 3, 5, 2411
List the prime factors of 986636.
2, 7, 167, 211
List the prime factors of 433778.
2, 107, 2027
List the prime factors of 293659.
293659
What are the prime factors of 83243?
83243
What are the prime factors of 200847?
3, 66949
What are the prime factors of 5719734?
2, 3, 3923
What are the prime factors of 225275?
5, 9011
What are the prime factors of 19763812?
2, 541, 9133
List the prime factors of 14145046.
2, 23, 61, 71
What are the prime factors of 19400435?
5, 1747, 2221
List the prime factors of 79703.
13, 6131
What are the prime factors of 339518?
2, 53, 3203
What are the prime factors of 11111911?
11111911
List the prime factors of 4347495.
3, 5, 17, 5683
List the prime factors of 4100296.
2, 512537
List the prime factors of 458446.
2, 229223
List the prime factors of 286016.
2, 41, 109
List the prime factors of 1247870.
2, 5, 13, 29, 331
List the prime factors of 107503.
11, 29, 337
List the prime factors of 334718.
2, 29, 199
List the prime factors of 32198.
2, 17, 947
List the prime factors of 634500.
2, 3, 5, 47
What are the prime factors of 1739503?
31, 56113
What are the prime factors of 22215769?
19, 23, 29, 1753
What are the prime factors of 323472?
2, 3, 23, 293
List the prime factors of 1628773.
1628773
What are the prime factors of 89252?
2, 53, 421
List the prime factors of 168760.
2, 5, 4219
